13. Let h be x(2). Let o be w(h). Let i(k) = 7*k**2 + 5*k. Is i(o) a multiple of 16?
False
Let y(c) = -2*c - 19. Let r be y(0). Let f be 26/(-1)*1*r/38. Suppose -f*u + 1100 = -8*u. Does 31 divide u?
False
Let k = 4093 - 733. Suppose -4*h - 284 = -k. Does 13 divide h?
False
Suppose 50*l - 188224 - 20626 = 0. Is 61 a factor of l?
False
Let y(p) = -p**3 - 5*p**2 + 3*p + 1. Suppose -x - 2*h = -23 + 7, -17 = -2*x + h. Let k be (18/21)/(x/(-70)). Is 4 a factor of y(k)?
False
Suppose 4*v - 11 = -59. Let i(l) = -l**3 + 6*l**2 - 7*l + 36. Let x be i(6). Is -6*x/v - -14 a multiple of 4?
False
Let z = 1235 - 1236. Let y(l) = -32*l - 1 - 32*l + 21*l. Does 14 divide y(z)?
True
Suppose 3*c - 153*m - 3605 = -155*m, 4*c = 4*m + 4800. Is c a multiple of 9?
False
Let c = 100 - 88. Does 13 divide 8/c - (-2450)/15?
False
Let c(w) = -w**3 + 3*w**2 + 4*w. Let i be c(4). Is i - 0 - (-11 + (-30 - -9)) a multiple of 8?
True
Let n = -36 - -564. Suppose 4*y + 0*m - n = 2*m, -655 = -5*y + 5*m. Is y a multiple of 7?
True
Let h(c) = 63*c + 12. Let n(i) = -1. Let m(a) = -42*a - 6. Let j(o) = -m(o) - 2*n(o). Let f(l) = 5*h(l) - 8*j(l). Does 38 divide f(-2)?
True
Let r(a) = a**3 - 6*a**2 - 4*a + 3. Let q be r(6). Suppose -4*x - 3 = -4*g - 171, -x = -5*g - 50. Let y = q + x. Does 19 divide y?
True
Suppose k + 633 = 67. Let a = k + 1680. Is a a multiple of 16?
False
Suppose 23256 + 14697 = 11*r - 48287. Is 32 a factor of r?
True
Suppose -141 = u - 551. Let k be 388/3 + (-18)/(-27). Suppose -u = -10*d + k. Is d a multiple of 27?
True
Let s = 17689 - 6919. Does 114 divide s?
False
Let l = 10239 + -10189. Is 20 a factor of l?
False
Is (-380)/285*(2/(-7) - (-60364)/(-112)) a multiple of 2?
False
Suppose 20*b - 3*g = 8*b + 603009, 0 = -4*b - 3*g + 200991. Is b a multiple of 335?
True
Let a = -54 + 56. Let w be 34/((-2)/(-3 + a)) + 3. Suppose 0 = -2*x + 2*p + 30, 0*x + 2*x + 3*p - w = 0. Is x a multiple of 12?
False
Suppose -8*w + 8 = -24. Suppose -w*h = q + 1, 0*q + 4*q + 4 = 4*h. Does 52 divide -26*((q - -5) + -14)?
True
Suppose -3*m = 161*s - 157*s - 5148, -2*s - 12 = 0. Does 60 divide m?
False
Let c(r) = -r + 669 - 4*r - 634. Let g be c(6). Suppose y + 4*m = 18, 53 = -g*y + 4*m + 191. Is 13 a factor of y?
True
Let s(q) = 3*q + 19. Let i be s(-7). Does 16 divide (-812)/(-5) + i - 22/55?
True
Let b = 24553 - 13725. Is b a multiple of 11?
False
Let p(g) = -19*g**3 - 14*g**2 + 39*g + 161. Is 112 a factor of p(-11)?
False
Let u = -2753 - -2845. Is u a multiple of 4?
True
Let i(a) be the second derivative of -a**3 + 110*a**2 + 4*a - 13. Is i(20) even?
True
Let j(a) = -6*a + 18. Let y be j(4). Is y + (-63)/(-14) + (-33)/(-2) even?
False
Suppose 0 = 2733*g - 2732*g - 2624. Is g a multiple of 16?
True
Suppose 0*a + 103441 = 13*a. Is 32 a factor of a?
False
Let h = -37414 - -92166. Is h a multiple of 58?
True
Let a be 20/(-6) + 3 + 10/(-15). Let s(q) = -298*q + 2. Does 25 divide s(a)?
True
Let i be (-6 - 0)/(-3)*2/(-4). Does 9 divide (53 + -269)*4*(0 + i)?
True
Let w = -734 - -52. Let h be (-8)/(-10) + w/(-110). Does 10 divide (-6 + 132/h)/((-6)/(-28))?
True
Suppose 11*j + 4 - 37 = 0. Let p(r) = 17*r + 43. Is p(j) a multiple of 5?
False
Suppose -4*o - 26 = 5*c, o + c - 10 = 4*o. Is 11 a factor of 2 + 17 - 1*(3 + o)?
False
Let y(r) = 338 + 7*r - 108 - 111 + 2*r**2 - 111. Does 3 divide y(-6)?
False
Let q = 2185 + -1237. Suppose -i = 4*m - 176, -5*i - 4*m + m + q = 0. Is 64 a factor of i?
True
Suppose -32*x = -33*x - 2*y + 7075, -4*y - 21275 = -3*x. Is x a multiple of 109?
True
Suppose 0 = 10*x - 5*x - 975. Let s = x - 117. Does 3 divide s?
True
Suppose 6*m + 0*m - 1980 = 0. Is (-4 + 2)/((-3)/m*4) a multiple of 17?
False
Let m = -4400 + 4403. Suppose -t = -2*b - 137 - 33, 3*t = -5*b + 488. Suppose -t = -2*h + 2*z, -2*h + 93 = -m*z - 77. Does 21 divide h?
False
Let m(v) = 26*v - 3 + 3 - 4. Let f be m(-4). Let w = f + 166. Is 24 a factor of w?
False
Does 4 divide ((-8288)/(-672))/((-1 - (-21)/18)/18)?
True
Let v = -464 - -804. Let f = 1047 - v. Does 28 divide f?
False
Suppose 0 = 2*u + 175 - 179, -z + 3*u = -288. Is 6 a factor of z?
True
Suppose 0 = -2*g + n + 73554, -9*g - 2*n - 95126 = -426132. Is 142 a factor of g?
True
Suppose -3*o - 2*g = 107 - 2799, 3*o - g = 2704. Is o a multiple of 4?
True
Let q(y) = 104*y + 9. Let j be q(7). Let r = -303 + j. Is r a multiple of 31?
True
Let d(r) = r**2 - 105*r - 3636. Is 93 a factor of d(-30)?
False
Suppose 2*p = 5*d + 1735, -5*p + 2*p - 2*d + 2555 = 0. Let q = p + 819. Does 18 divide q?
True
Suppose 28*x = 3*l + 27*x - 16569, l = 2*x + 5533. Is l a multiple of 21?
False
Suppose -3*l - q - 2250 = 0, 4*l + 3*q + 2*q + 3011 = 0. Let i = -551 - l. Is i a multiple of 12?
False
Suppose -r - 1554 = -8*r. Suppose 5*m - 257 = -r. Is 5 a factor of m?
False
Let h = -1077 + 1894. Does 32 divide h?
False
Suppose -36*o = 96*o - 26796. Is o a multiple of 29?
True
Let t = -10496 - -11556. Does 5 divide t?
True
Let s(n) = -14*n - 29. Let a be s(-4). Suppose 0 = -26*r + a*r - 1116. Does 16 divide r?
False
Suppose -n + 9 = 3*s, 3 = -4*n + 4*s - 3*s. Suppose 0 = b + 5*d - 10*d - 27, 2*b - 4*d - 30 = n. Is b a multiple of 2?
False
Suppose -23010 = -51*x - 32*x + 24*x. Is 6 a factor of x?
True
Let l(m) = -220*m + 5. Let f(x) = 329*x - 8. Let i(r) = -5*f(r) - 8*l(r). Does 25 divide i(4)?
False
Let s = -78 + 82. Suppose -s*x + 1672 = 5*p + 660, 9 = 3*x. Is p a multiple of 16?
False
Let f(o) = o**3 - o**2 - 12*o. Let b be f(-5). Let s = 227 - b. Does 12 divide s?
False
Let r = -74 - -78. Suppose i - t - 1855 = -r*i, -5*i = t - 1865. Let p = i + -213. Is 23 a factor of p?
False
Let z = 26155 - 15315. Is 8 a factor of z?
True
Suppose -4*f + s + 44553 = 0, 0 = 369*f - 364*f - 4*s - 55683. Is f a multiple of 160?
False
Let v(w) = -w + 362. Let p be v(0). Let y be 0 + 508/(-3 + (-4 - -9)). Let m = p - y. Is 27 a factor of m?
True
Is 23 a factor of (43/(-86))/(((-1)/(-5457))/(12/(-9)))?
False
Let v(w) = -5*w - 34. Let z(i) = -2*i**2 - 3*i. Let u be z(-3). Let d be v(u). Suppose d*a = 13*a - 356. Is 15 a factor of a?
False
Does 3 divide -1 + -4 + (-3264)/(-160)*(3 + 32)?
False
Let w = -6901 - -10531. Suppose 2*n - w = -8*n. Is n a multiple of 6?
False
Let a = -38 - -43. Suppose 0 = -2*q + v - 3197, -1613 = a*q - 4*v + 6378. Is 5 a factor of 2/3*q/(-26)?
False
Suppose 7*c = 2100 + 483. Let j = -78 + c. Suppose -5*m = -j - 239. Does 10 divide m?
False
Suppose 79704 = -13*n + 175*n. Is 14 a factor of n?
False
Let k be (-18)/30 + -1 + 18286/10. Suppose 2*n - 309 = 2*u - k, 3027 = 4*u - n. Suppose -2*s = -9*s + u. Is s a multiple of 18?
True
Suppose -722 = 5*k - 3662. Let y = k + -190. Is 20 a factor of y?
False
Let p be (-13)/(117/(-10611))*1. Let h = 2288 - p. Is 39 a factor of h?
False
Let s = 256 + -136. Is 9 a factor of s - ((-12)/42 + (-69)/(-21))?
True
Let r(i) = -1 + 0*i**2 - 9*i - i**3 + 5*i**2 + 5 + 2*i**2. Let k be r(6). Is 8 a factor of 4/k - 1795/(-35)?
False
Does 12 divide 259*(-996)/(-12) + (-3)/9*-21?
True
Suppose 11*w = -1 + 34. Suppose -859 - 329 = -w*n. Is 22 a factor of n?
True
Suppose 29*k = 4*k - 55825. Let i = -1243 - k. Is i a multiple of 10?
True
Suppose 4*p = -4*u - 6190 + 45818, -p + 2*u + 9916 = 0. Is 10 a factor of p?
True
Let o = 89 - 87. Suppose 4*r - d + 17 = 4, 5 = -r + o*d. Let v(t) = 12*t**2 - 3*t + 6. Is 17 a factor of v(r)?
False
Does 132 divide -14*(-11)/(-385) - 309542/(-5)?
True
Suppose 67*j - 61*j - 24 = 0. Suppose 4*v - 204 = -j*n + 6*v, 2 = v. Is 3 a factor of n?
False
Suppose 3*g + 4*t - 19987 = 0, 2*g + 49*t - 13328 = 48*t. Does 34 divide g?
False
Let d be -7 + 4 + (-315)/(-7). Is 21 a factor of 5908/d - 2/(-6)?
False
Let s = 6 + -6. Suppose 4*o + 3*r - 165 = s, -r = -4*o + r + 170. Is o a multiple of 20?
False
Let d = 32 - 23. Suppose -11*g = -d*g - 1016. Suppose -q + g = 4*t, -2*t = t - 3*q - 381. Is 14 a factor of t?
False
Let w(o) = 11*o - 10. Let j be w(17). Let t = 24 - 24. Suppose -c - u + 39 = t, -3*u = -2*c - 2*c + j. Is 6 a factor of c?
True
Suppose 267*x - 542*x + 175311 = -266*x. Is 43 a factor of x?
True
Let r(j) = 940*j - 6663. Let m be r(7). Let q = 3 - 11. Let y = q - m. Does 20 divide y?
False
Let i be 20/24 + 20755/42. Suppose 0 = -9*f + i - 36. Does 14 divide f?
False
Let n = -115 - -110. Let z(x) = 19*x**2 - 27. Does 2